 181 is divided by 61?
59
Calculate the remainder when 87 is divided by 23.
18
What is the remainder when 722 is divided by 29?
26
What is the remainder when 88 is divided by 18?
16
What is the remainder when 399 is divided by 10?
9
What is the remainder when 2038 is divided by 339?
4
Calculate the remainder when 500 is divided by 77.
38
Calculate the remainder when 983 is divided by 12.
11
What is the remainder when 129 is divided by 13?
12
What is the remainder when 1386 is divided by 73?
72
Calculate the remainder when 11569 is divided by 22.
19
Calculate the remainder when 63 is divided by 48.
15
What is the remainder when 183 is divided by 34?
13
Calculate the remainder when 341 is divided by 70.
61
What is the remainder when 96 is divided by 19?
1
Calculate the remainder when 67 is divided by 18.
13
Calculate the remainder when 1411 is divided by 9.
7
What is the remainder when 26 is divided by 11?
4
What is the remainder when 149 is divided by 53?
43
Calculate the remainder when 5 is divided by 4.
1
What is the remainder when 982 is divided by 473?
36
Calculate the remainder when 863 is divided by 27.
26
What is the remainder when 175811 is divided by 23?
22
What is the remainder when 20581 is divided by 115?
111
Calculate the remainder when 502 is divided by 12.
10
Calculate the remainder when 197 is divided by 62.
11
Calculate the remainder when 462 is divided by 117.
111
Calculate the remainder when 29 is divided by 9.
2
What is the remainder when 44 is divided by 10?
4
Calculate the remainder when 15 is divided by 2.
1
Calculate the remainder when 966 is divided by 75.
66
What is the remainder when 1772 is divided by 93?
5
What is the remainder when 247 is divided by 69?
40
Calculate the remainder when 1168 is divided by 13.
11
What is the remainder when 296 is divided by 16?
8
What is the remainder when 2374 is divided by 72?
70
Calculate the remainder when 1154 is divided by 13.
10
What is the remainder when 246 is divided by 157?
89
Calculate the remainder when 1097 is divided by 517.
63
What is the remainder when 323 is divided by 62?
13
Calculate the remainder when 329 is divided by 139.
51
What is the remainder when 690 is divided by 661?
29
What is the remainder when 221 is divided by 54?
5
Calculate the remainder when 72 is divided by 32.
8
What is the remainder when 29068 is divided by 95?
93
Calculate the remainder when 3186 is divided by 4.
2
What is the remainder when 162 is divided by 71?
20
What is the remainder when 107 is divided by 22?
19
What is the remainder when 1843 is divided by 209?
171
What is the remainder when 15 is divided by 1?
0
Calculate the remainder when 4595 is divided by 11.
8
Calculate the remainder when 471 is divided by 20.
11
What is the remainder when 389 is divided by 42?
11
Calculate the remainder when 5805 is divided by 166.
161
Calculate the remainder when 976 is divided by 14.
10
Calculate the remainder when 162 is divided by 88.
74
What is the remainder when 142 is divided by 133?
9
Calculate the remainder when 211 is divided by 5.
1
Calculate the remainder when 8032 is divided by 13.
11
Calculate the remainder when 701 is divided by 168.
29
Calculate the remainder when 2856 is divided by 939.
39
Calculate the remainder when 126 is divided by 37.
15
Calculate the remainder when 1063 is divided by 270.
253
Calculate the remainder when 1038 is divided by 517.
4
Calculate the remainder when 160 is divided by 19.
8
What is the remainder when 1538 is divided by 28?
26
Calculate the remainder when 229 is divided by 84.
61
What is the remainder when 1505 is divided by 22?
9
Calculate the remainder when 640 is divided by 284.
72
Calculate the remainder when 5677 is divided by 17.
16
What is the remainder when 122 is divided by 9?
5
What is the remainder when 125 is divided by 3?
2
What is the remainder when 381 is divided by 7?
3
What is the remainder when 46227 is divided by 23?
20
What is the remainder when 264 is divided by 9?
3
Calculate the remainder when 339 is divided by 139.
61
Calculate the remainder when 10499 is divided by 25.
24
Calculate the remainder when 1911 is divided by 474.
15
Calculate the remainder when 3003 is divided by 113.
65
What is the remainder when 1217 is divided by 4?
1
What is the remainder when 735 is divided by 96?
63
What is the remainder when 232 is divided by 13?
11
What is the remainder when 8597 is divided by 10?
7
Calculate the remainder when 49 is divided by 27.
22
What is the remainder when 3099 is divided by 31?
30
Calculate the remainder when 573 is divided by 285.
3
What is the remainder when 831 is divided by 76?
71
Calculate the remainder when 12 is divided by 6.
0
Calculate the remainder when 1543 is divided by 31.
24
What is the remainder when 294 is divided by 61?
50
What is the remainder when 234 is divided by 3?
0
What is the remainder when 5615 is divided by 36?
35
Calculate the remainder when 659 is divided by 55.
54
Calculate the remainder when 599 is divided by 25.
24
What is the remainder when 748 is divided by 75?
73
What is the remainder when 63 is divided by 5?
3
What is the remainder when 511 is divided by 103?
99
What is the remainder when 37 is divided by 12?
1
What is the remainder when 3449 is divided by 229?
14
What is the remainder when 6604 is divided by 6?
4
What is the remainder when 498 is divided by 63?
57
Calculate the remainder when 1417 is divided by 20.
17
Calculate the remainder when 32 is divided by 28.
4
Calculate the remainder when 254 is divided by 15.
14
Calculate the remainder when 1729 is divided by 22.
13
Calculate the remainder when 224 is divided by 9.
8
Calculate the remainder when 276 is divided by 44.
12
Calculate the remainder when 235 is divided by 34.
31
Calculate the remainder when 535 is divided by 14.
3
What is the remainder when 89 is divided by 74?
15
Calculate the remainder when 260 is divided by 44.
40
What is the remainder when 358 is divided by 36?
34
Calculate the remainder when 408 is divided by 41.
39
Calculate the remainder when 36 is divided by 9.
0
Calculate the remainder when 185 is divided by 55.
20
Calculate the remainder when 92 is divided by 31.
30
What is the remainder when 38541 is divided by 132?
129
What is the remainder when 44 is divided by 15?
14
What is the remainder when 4568 is divided by 142?
24
Calculate the remainder when 269 is divided by 39.
35
What is the remainder when 191 is divided by 35?
16
Calculate the remainder when 524 is divided by 7.
6
Calculate the remainder when 1359 is divided by 220.
39
What is the remainder when 689 is divided by 70?
59
What is the remainder when 363 is divided by 34?
23
What is the remainder when 132 is divided by 87?
45
Calculate the remainder when 6151 is divided by 70.
61
What is the remainder when 158 is divided by 37?
10
What is the remainder when 280 is divided by 267?
13
Calculate the remainder when 798 is divided by 25.
23
Calculate the remainder when 3799 is divided by 1899.
1
What is the remainder when 1284 is divided by 14?
10
Calculate the remainder when 698 is divided by 176.
170
What is the remainder when 44 is divided by 40?
4
What is the remainder when 293 is divided by 148?
145
What is the remainder when 38 is divided by 30?
8
What is the remainder when 256 is divided by 88?
80
What is the remainder when 408 is divided by 75?
33
What is the remainder when 168 is divided by 20?
8
What is the remainder when 975 is divided by 21?
9
Calculate the remainder when 471 is divided by 19.
15
What is the remainder when 173 is divided by 74?
25
What is the remainder when 680 is divided by 75?
5
What is the remainder when 624 is divided by 57?
54
What is the remainder when 2635 is divided by 30?
25
What is the remainder when 143 is divided by 45?
8
What is the remainder when 567 is divided by 25?
17
What is the remainder when 2803 is divided by 27?
22
What is the remainder when 35751 is divided by 101?
98
What is the remainder when 17 is divided by 15?
2
What is the remainder when 243 is divided by 7?
5
Calculate the remainder when 335 is divided by 113.
109
Calculate the remainder when 8987 is divided by 31.
28
Calculate the remainder when 130 is divided by 44.
42
What is the remainder when 759 is divided by 76?
75
Calculate th